{"version":"1.0","provider_name":"MAAP","provider_url":"https:\/\/www.maapprogram.org\/es\/","author_name":"dcadmin","author_url":"https:\/\/www.maapprogram.org\/es\/author\/dcadmin\/","title":"MAAP #31: Deforestaci\u00f3n Contin\u00faa su Expansi\u00f3n en La Pampa (zona de amortiguamiento de la Reserva Nacional Tambopata) - MAAP","type":"rich","width":600,"height":338,"html":"<blockquote class=\"wp-embedded-content\" data-secret=\"WEW2RK4Aw4\"><a href=\"https:\/\/www.maapprogram.org\/es\/la-pampa\/\">MAAP #31: Deforestaci\u00f3n Contin\u00faa su Expansi\u00f3n en La Pampa (zona de amortiguamiento de la Reserva Nacional Tambopata)<\/a><\/blockquote><iframe sandbox=\"allow-scripts\" security=\"restricted\" src=\"https:\/\/www.maapprogram.org\/es\/la-pampa\/embed\/#?secret=WEW2RK4Aw4\" width=\"600\" height=\"338\" title=\"\u00abMAAP #31: Deforestaci\u00f3n Contin\u00faa su Expansi\u00f3n en La Pampa (zona de amortiguamiento de la Reserva Nacional Tambopata)\u00bb \u2014 MAAP\" data-secret=\"WEW2RK4Aw4\" frameborder=\"0\" marginwidth=\"0\" marginheight=\"0\" scrolling=\"no\" class=\"wp-embedded-content\"><\/iframe><script type=\"text\/javascript\">\n\/* <![CDATA[ *\/\n\/*! This file is auto-generated *\/\n!function(d,l){\"use strict\";l.querySelector&&d.addEventListener&&\"undefined\"!=typeof URL&&(d.wp=d.wp||{},d.wp.receiveEmbedMessage||(d.wp.receiveEmbedMessage=function(e){var t=e.data;if((t||t.secret||t.message||t.value)&&!\/[^a-zA-Z0-9]\/.test(t.secret)){for(var s,r,n,a=l.querySelectorAll('iframe[data-secret=\"'+t.secret+'\"]'),o=l.querySelectorAll('blockquote[data-secret=\"'+t.secret+'\"]'),c=new RegExp(\"^https?:$\",\"i\"),i=0;i<o.length;i++)o[i].style.display=\"none\";for(i=0;i<a.length;i++)s=a[i],e.source===s.contentWindow&&(s.removeAttribute(\"style\"),\"height\"===t.message?(1e3<(r=parseInt(t.value,10))?r=1e3:~~r<200&&(r=200),s.height=r):\"link\"===t.message&&(r=new URL(s.getAttribute(\"src\")),n=new URL(t.value),c.test(n.protocol))&&n.host===r.host&&l.activeElement===s&&(d.top.location.href=t.value))}},d.addEventListener(\"message\",d.wp.receiveEmbedMessage,!1),l.addEventListener(\"DOMContentLoaded\",function(){for(var e,t,s=l.querySelectorAll(\"iframe.wp-embedded-content\"),r=0;r<s.length;r++)(t=(e=s[r]).getAttribute(\"data-secret\"))||(t=Math.random().toString(36).substring(2,12),e.src+=\"#?secret=\"+t,e.setAttribute(\"data-secret\",t)),e.contentWindow.postMessage({message:\"ready\",secret:t},\"*\")},!1)))}(window,document);\n\/\/# sourceURL=https:\/\/www.maapprogram.org\/wp-includes\/js\/wp-embed.min.js\n\/* ]]> *\/\n<\/script>\n","description":"La deforestaci\u00f3n por la miner\u00eda aur\u00edfera ilegal contin\u00faa su expansi\u00f3n en la zona conocida como La Pampa, ubicada en el departamento de Madre de Dios. Aqu\u00ed, presentamos una serie de im\u00e1genes de\u00a0alta-resoluci\u00f3n (0.5 m) que ilustra esta expansi\u00f3n. La Imagen 31a muestra la gran mancha amorfa de deforestaci\u00f3n en La Pampa (hasta noviembre de 2015) [&hellip;]","thumbnail_url":"https:\/\/www.maapprogram.org\/wp-content\/uploads\/2016\/04\/DGapril_Max_v3-1500x833.jpg"}

MAAP #31: Deforestación Continúa su Expansión en La Pampa (zona de amortiguamiento de la Reserva Nacional Tambopata) - MAAP

<blockquote class="wp-embedded-content" data-secret="WEW2RK4Aw4"><a href="https://www.maapprogram.org/es/la-pampa/">MAAP #31: Deforestación Continúa su Expansión en La Pampa (zona de amortiguamiento de la Reserva Nacional Tambopata)</a></blockquote><iframe sandbox="allow-scripts" security="restricted" src="https://www.maapprogram.org/es/la-pampa/embed/#?secret=WEW2RK4Aw4" width="600" height="338" title="«MAAP #31: Deforestación Continúa su Expansión en La Pampa (zona de amortiguamiento de la Reserva Nacional Tambopata)» — MAAP" data-secret="WEW2RK4Aw4" frameborder="0" marginwidth="0" marginheight="0" scrolling="no" class="wp-embedded-content"></iframe><script type="text/javascript">
/* <![CDATA[ */
/*! This file is auto-generated */
!function(d,l){"use strict";l.querySelector&&d.addEventListener&&"undefined"!=typeof URL&&(d.wp=d.wp||{},d.wp.receiveEmbedMessage||(d.wp.receiveEmbedMessage=function(e){var t=e.data;if((t||t.secret||t.message||t.value)&&!/[^a-zA-Z0-9]/.test(t.secret)){for(var s,r,n,a=l.querySelectorAll('iframe[data-secret="'+t.secret+'"]'),o=l.querySelectorAll('blockquote[data-secret="'+t.secret+'"]'),c=new RegExp("^https?:$","i"),i=0;i<o.length;i++)o[i].style.display="none";for(i=0;i<a.length;i++)s=a[i],e.source===s.contentWindow&&(s.removeAttribute("style"),"height"===t.message?(1e3<(r=parseInt(t.value,10))?r=1e3:~~r<200&&(r=200),s.height=r):"link"===t.message&&(r=new URL(s.getAttribute("src")),n=new URL(t.value),c.test(n.protocol))&&n.host===r.host&&l.activeElement===s&&(d.top.location.href=t.value))}},d.addEventListener("message",d.wp.receiveEmbedMessage,!1),l.addEventListener("DOMContentLoaded",function(){for(var e,t,s=l.querySelectorAll("iframe.wp-embedded-content"),r=0;r<s.length;r++)(t=(e=s[r]).getAttribute("data-secret"))||(t=Math.random().toString(36).substring(2,12),e.src+="#?secret="+t,e.setAttribute("data-secret",t)),e.contentWindow.postMessage({message:"ready",secret:t},"*")},!1)))}(window,document);
//# sourceURL=https://www.maapprogram.org/wp-includes/js/wp-embed.min.js
/* ]]> */
</script>

La deforestación por la minería aurífera ilegal continúa su expansión en la zona conocida como La Pampa, ubicada en el departamento de Madre de Dios. Aquí, presentamos una serie de imágenes de alta-resolución (0.5 m) que ilustra esta expansión. La Imagen 31a muestra la gran mancha amorfa de deforestación en La Pampa (hasta noviembre de 2015) [&hellip;]
