{"version":"1.0","provider_name":"MAAP","provider_url":"https:\/\/www.maapprogram.org\/es\/","author_name":"dcadmin","author_url":"https:\/\/www.maapprogram.org\/es\/author\/dcadmin\/","title":"MAAP #41: Palma Aceitera en Ucayali- Deforestaci\u00f3n por la empresa Plantaciones de Pucallpa - MAAP","type":"rich","width":600,"height":338,"html":"<blockquote class=\"wp-embedded-content\" data-secret=\"dswfRym06D\"><a href=\"https:\/\/www.maapprogram.org\/es\/plantaciones-de-pucallpa\/\">MAAP #41: Palma Aceitera en Ucayali- Deforestaci\u00f3n por la empresa Plantaciones de Pucallpa<\/a><\/blockquote><iframe sandbox=\"allow-scripts\" security=\"restricted\" src=\"https:\/\/www.maapprogram.org\/es\/plantaciones-de-pucallpa\/embed\/#?secret=dswfRym06D\" width=\"600\" height=\"338\" title=\"\u00abMAAP #41: Palma Aceitera en Ucayali- Deforestaci\u00f3n por la empresa Plantaciones de Pucallpa\u00bb \u2014 MAAP\" data-secret=\"dswfRym06D\" frameborder=\"0\" marginwidth=\"0\" marginheight=\"0\" scrolling=\"no\" class=\"wp-embedded-content\"><\/iframe><script type=\"text\/javascript\">\n\/* <![CDATA[ *\/\n\/*! This file is auto-generated *\/\n!function(d,l){\"use strict\";l.querySelector&&d.addEventListener&&\"undefined\"!=typeof URL&&(d.wp=d.wp||{},d.wp.receiveEmbedMessage||(d.wp.receiveEmbedMessage=function(e){var t=e.data;if((t||t.secret||t.message||t.value)&&!\/[^a-zA-Z0-9]\/.test(t.secret)){for(var s,r,n,a=l.querySelectorAll('iframe[data-secret=\"'+t.secret+'\"]'),o=l.querySelectorAll('blockquote[data-secret=\"'+t.secret+'\"]'),c=new RegExp(\"^https?:$\",\"i\"),i=0;i<o.length;i++)o[i].style.display=\"none\";for(i=0;i<a.length;i++)s=a[i],e.source===s.contentWindow&&(s.removeAttribute(\"style\"),\"height\"===t.message?(1e3<(r=parseInt(t.value,10))?r=1e3:~~r<200&&(r=200),s.height=r):\"link\"===t.message&&(r=new URL(s.getAttribute(\"src\")),n=new URL(t.value),c.test(n.protocol))&&n.host===r.host&&l.activeElement===s&&(d.top.location.href=t.value))}},d.addEventListener(\"message\",d.wp.receiveEmbedMessage,!1),l.addEventListener(\"DOMContentLoaded\",function(){for(var e,t,s=l.querySelectorAll(\"iframe.wp-embedded-content\"),r=0;r<s.length;r++)(t=(e=s[r]).getAttribute(\"data-secret\"))||(t=Math.random().toString(36).substring(2,12),e.src+=\"#?secret=\"+t,e.setAttribute(\"data-secret\",t)),e.contentWindow.postMessage({message:\"ready\",secret:t},\"*\")},!1)))}(window,document);\n\/\/# sourceURL=https:\/\/www.maapprogram.org\/wp-includes\/js\/wp-embed.min.js\n\/* ]]> *\/\n<\/script>\n","description":"En el anterior MAAP #4,\u00a0publicamos informaci\u00f3n sobre la deforestaci\u00f3n\u00a0de 6,464 hect\u00e1reas (8,855 campos de f\u00fatbol)\u00a0entre el 2011 y 2015,\u00a0en el proyecto de\u00a0palma aceitera\u00a0a gran escala, en la regi\u00f3n Ucayali ejecutado por la empresa Plantaciones de Pucallpa. Adem\u00e1s, encontramos que la mayor\u00eda de la deforestaci\u00f3n ocurri\u00f3 en bosques primarios1,\u00a0y tambi\u00e9n hubo p\u00e9rdida de vegetaci\u00f3n\u00a0secundaria. En diciembre [&hellip;]","thumbnail_url":"https:\/\/www.maapprogram.org\/wp-content\/uploads\/2016\/08\/Nueva_requena1-1-1.jpg"}

MAAP #41: Palma Aceitera en Ucayali- Deforestación por la empresa Plantaciones de Pucallpa - MAAP

<blockquote class="wp-embedded-content" data-secret="dswfRym06D"><a href="https://www.maapprogram.org/es/plantaciones-de-pucallpa/">MAAP #41: Palma Aceitera en Ucayali- Deforestación por la empresa Plantaciones de Pucallpa</a></blockquote><iframe sandbox="allow-scripts" security="restricted" src="https://www.maapprogram.org/es/plantaciones-de-pucallpa/embed/#?secret=dswfRym06D" width="600" height="338" title="«MAAP #41: Palma Aceitera en Ucayali- Deforestación por la empresa Plantaciones de Pucallpa» — MAAP" data-secret="dswfRym06D" frameborder="0" marginwidth="0" marginheight="0" scrolling="no" class="wp-embedded-content"></iframe><script type="text/javascript">
/* <![CDATA[ */
/*! This file is auto-generated */
!function(d,l){"use strict";l.querySelector&&d.addEventListener&&"undefined"!=typeof URL&&(d.wp=d.wp||{},d.wp.receiveEmbedMessage||(d.wp.receiveEmbedMessage=function(e){var t=e.data;if((t||t.secret||t.message||t.value)&&!/[^a-zA-Z0-9]/.test(t.secret)){for(var s,r,n,a=l.querySelectorAll('iframe[data-secret="'+t.secret+'"]'),o=l.querySelectorAll('blockquote[data-secret="'+t.secret+'"]'),c=new RegExp("^https?:$","i"),i=0;i<o.length;i++)o[i].style.display="none";for(i=0;i<a.length;i++)s=a[i],e.source===s.contentWindow&&(s.removeAttribute("style"),"height"===t.message?(1e3<(r=parseInt(t.value,10))?r=1e3:~~r<200&&(r=200),s.height=r):"link"===t.message&&(r=new URL(s.getAttribute("src")),n=new URL(t.value),c.test(n.protocol))&&n.host===r.host&&l.activeElement===s&&(d.top.location.href=t.value))}},d.addEventListener("message",d.wp.receiveEmbedMessage,!1),l.addEventListener("DOMContentLoaded",function(){for(var e,t,s=l.querySelectorAll("iframe.wp-embedded-content"),r=0;r<s.length;r++)(t=(e=s[r]).getAttribute("data-secret"))||(t=Math.random().toString(36).substring(2,12),e.src+="#?secret="+t,e.setAttribute("data-secret",t)),e.contentWindow.postMessage({message:"ready",secret:t},"*")},!1)))}(window,document);
//# sourceURL=https://www.maapprogram.org/wp-includes/js/wp-embed.min.js
/* ]]> */
</script>

En el anterior MAAP #4, publicamos información sobre la deforestación de 6,464 hectáreas (8,855 campos de fútbol) entre el 2011 y 2015, en el proyecto de palma aceitera a gran escala, en la región Ucayali ejecutado por la empresa Plantaciones de Pucallpa. Además, encontramos que la mayoría de la deforestación ocurrió en bosques primarios1, y también hubo pérdida de vegetación secundaria. En diciembre [&hellip;]
